is divided by t?
6
Suppose 6*b - 26 = 3*b + 2*p, 0 = p - 2. Suppose 11*t - b*t = -10. Let c = t - -29. What is the remainder when c is divided by 5?
4
Let i be -1 - -1 - 2/(2/(-7)). Calculate the remainder when 92 is divided by ((-72)/(-21))/(1/i).
20
Let d(q) = -9*q**2 - 6 + 2 + q**3 - 8 + 9*q. Let y be d(8). What is the remainder when 16 is divided by (2 - y)/3 + 4?
4
Suppose 0 = -7*f + 148 + 34. What is the remainder when f is divided by 17?
9
Calculate the remainder when 118 is divided by 24 - (92/(-14) + 15/(-35)).
25
Let w = 399 - 119. What is the remainder when -15*(w/15)/(-7) is divided by 14?
12
Let d = 76 + -39. Let z = 22 + -13. Let g = d - z. What is the remainder when 83 is divided by g?
27
Suppose 0 = h - 4*a + 3*a - 388, a = -4*h + 1577. What is the remainder when h is divided by 33?
30
Suppose r + 2 = -5*f + 18, 3*f = -4*r - 4. Suppose i + 9 = f*i. Suppose 16 = p - 2*j - i*j, 0 = 5*p - 3*j - 146. What is the remainder when p is divided by 16?
15
Suppose -145 = 19*t - 487. Calculate the remainder when t is divided by -10*(-2 - -5)/(-3).
8
Suppose 7*n - 96 = n. Calculate the remainder when 30 is divided by n.
14
Let q(z) = -2*z**3 + z - 16. Calculate the remainder when q(-4) is divided by 56.
52
Let s be (-2188)/(-20) - 12/(-20). Suppose 4*h + j - s = 3*j, -4*h - 5*j + 103 = 0. Calculate the remainder when h is divided by 14.
13
Let s = 80 - 118. Let h = 99 + s. What is the remainder when h is divided by (10/6 - -1)*6?
13
Let b = -1946 + 1947. Calculate the remainder when 14 is divided by b.
0
Let c(b) = 3*b**2 + b - 1. Suppose -5*x = -4*x, -270 = -3*s + x. Calculate the remainder when s is divided by c(-3).
21
Let u = -19 + 38. Calculate the remainder when 110 is divided by u.
15
Let u be 1*(-10 + (-3 - -3)). Let f = u - -41. What is the remainder when f is divided by 19?
12
Suppose -17 = -3*w + g, 6 = w - 3*g - 5. Suppose 0*s + 18 = -3*s. Let h(z) = -2*z - 4. Calculate the remainder when h(s) is divided by w.
3
Let f be (-4)/(-6) + (-52)/60*-5. Calculate the remainder when 29 is divided by (-18)/(-4) + f/(-10).
1
Suppose -6*v - 358 + 1912 = 0. What is the remainder when v is divided by 22?
17
Let w = -66 - -111. Suppose 0 = -2*k + w + 57. What is the remainder when k is divided by 13?
12
Suppose -27*s - 1078 = -7504. Calculate the remainder when s is divided by 86.
66
Let u = -128 - -133. Suppose 2*g = 2*m + 3*m - 4, -3*m - 9 = -5*g. Calculate the remainder when u is divided by g.
2
Suppose 3*q - 12 - 3 = 0. Suppose 6 - 146 = -q*m. What is the remainder when m is divided by 17?
11
Suppose 0 = 3*f + 3*y - 354, -4*y - 14 = -6. What is the remainder when f is divided by 34?
18
Let s(f) = 4*f**3 - 2*f**2 - 6*f + 2. Let u(w) = 7*w**3 - 5*w**2 - 12*w + 2. Let l(c) = 5*s(c) - 3*u(c). Calculate the remainder when l(-4) is divided by 14.
12
Suppose -5*m + 1851 + 1889 = 0. Calculate the remainder when 148 is divided by 6/10 - 1*m/(-20).
34
Let q(z) = -5*z - 25. Let c(j) be the first derivative of -9*j**2/2 - 51*j - 4. Let u(n) = -6*c(n) + 11*q(n). What is the remainder when u(0) is divided by 11?
9
Let i = 0 + 10. Calculate the remainder when 73 is divided by i.
3
Suppose u - 73 = -2*u - o, 2*u - 66 = -5*o. Suppose 0 = u*f - 29*f + 96. Calculate the remainder when 93 is divided by f.
13
Let y(q) = -q**3 - 4*q - 1. Let o = -20955 + 20996. Calculate the remainder when y(-4) is divided by o.
38
Suppose -279 = 5*d - 669. What is the remainder when d is divided by 27?
24
Let s = -131 + 178. Calculate the remainder when s is divided by 18.
11
Suppose 2*l - 37 = -2*f + 17, 0 = -3*l - 2*f + 78. What is the remainder when 81 is divided by l?
9
Suppose 3*v - u = -5, 0 = 3*v + 5*u - 2*u + 21. Let f(d) = -4*d + 2. Let p be f(v). What is the remainder when p/(-56) + (-274)/(-8) is divided by 7?
6
Let c(b) be the third derivative of b**6/120 - b**5/60 - b**4/8 + b**3/6 - 9*b**2 - 2. Calculate the remainder when c(4) is divided by 19.
18
Suppose -12 = 5*o - 27. Suppose a = 2*n + 7, o*a = 4*n - 2*n + 29. Let h = 7 + a. Calculate the remainder when 52 is divided by h.
16
Suppose 12*c - 4 = 10*c. Suppose -a + 4 = -c. Calculate the remainder when 35 is divided by a.
5
Suppose 42 = l + 4*b, 3*l + 5*b = 4*l + 3. Suppose 3*a + 5*s - 16 = -0*a, a - 2 = -s. Let p = 9 - a. Calculate the remainder when l is divided by p.
10
Let k(v) = -v**3 + 3*v**2 + 6*v - 6. Let w be k(4). Let m = -30 - -14. What is the remainder when (-15)/3 + w - m is divided by 5?
3
Suppose 4*p - 668 = -4*z, 5*p = -4*z + 33 + 633. What is the remainder when z is divided by 44/(-2 + 3) + -1?
40
What is the remainder when (-4)/(112/(-2428)) - 56/(-196) is divided by 55?
32
Suppose 2 - 38 = 12*g. Calculate the remainder when 1/g + 812/87 is divided by 6.
3
Let t(q) = 12*q - 13 + 3*q - 5*q**3 + 12*q**2 - 3 + 4*q**3. Let i = 14 - 1. What is the remainder when 18 is divided by t(i)?
8
Let n(d) = -d**3 - 7*d**2 - 5*d - 3. Let q(i) = -i**3 - 4*i**2 - 3*i - 2. Let r(g) = 6*n(g) - 10*q(g). Calculate the remainder when 22 is divided by r(1).
2
Let x = -94 + 179. Suppose 3*a - 62 = x. Suppose -5*v + 127 - 37 = 4*y, 0 = -4*y + 2*v + 104. Calculate the remainder when a is divided by y.
24
Let g(d) = 20*d**2 - 4*d + 2. Let f be g(3). Suppose -8*m + f = -3*m. Calculate the remainder when m is divided by 6.
4
Let k(t) = t**3 - 11*t**2 + 14*t - 29. Let i be k(10). Calculate the remainder when 22 is divided by i + -2 - 30/6.
2
Let p = -105 - -216. Let n = p - 75. What is the remainder when n is divided by 13?
10
Calculate the remainder when (128/(-160))/((-4)/210) is divided by 12.
6
Let o(m) = m**3 + 3 + m + 3*m + 3 + 4*m**2 - 5. Let z be o(-3). What is the remainder when (z - (-18 - 1))/1 is divided by 9?
8
Suppose -t = q - 68, 3*t - 4*t - 2*q + 67 = 0. What is the remainder when t is divided by 14?
13
Let p(c) = c**3 + 5*c**2 + c + 4. Calculate the remainder when p(4) is divided by 21.
5
Suppose 9*x = 134 + 271. What is the remainder when x is divided by 24?
21
Suppose -24 = -3*b + 231. Let w = b - 68. Let i = -81 - -148. Calculate the remainder when i is divided by w.
16
Let b = -106 + 61. Let a = 48 + b. Calculate the remainder when 22 is divided by a.
1
Let l(t) = 5*t**2 + 46*t - 68. Calculate the remainder when l(-11) is divided by 16.
15
Let j(h) = 3*h**2 + 48*h - 137. What is the remainder when j(-19) is divided by 80/14 - 4/(-14)?
4
Suppose -2*o = 3 - 25. Calculate the remainder when 51 is divided by o.
7
Let w = 145 + -96. Let v = w + -34. Calculate the remainder when 72 is divided by v.
12
Let m(k) = 3*k**2 + 3*k + 3. Let d = -29 + 25. Calculate the remainder when 154 is divided by m(d).
37
Calculate the remainder when (1 + 0)*(-93 + 292) is divided by 64.
7
Suppose -4*v - 571 = -3*f, -3*v + 15 = -0*v. What is the remainder when f is divided by -2 - (-176)/5 - 17/85?
32
Suppose 5*h - 9*h - 64 = 0. Let u = h + 19. Suppose t + 4*i = -u*t + 36, -4*t + 2*i = -12. Calculate the remainder when 19 is divided by t.
4
Suppose -2*k = -41 - 19. Let d(z) = 14*z**2 + 3*z - 4. What is the remainder when d(2) is divided by k?
28
Let t be (8/(-12))/((-8)/2052). Suppose -12*z + 33 = -t. Calculate the remainder when z is divided by 7.
3
Suppose 5*z - f + 3*f = -125, 51 = -2*z - f. Let c = z + 39. What is the remainder when c is divided by 13?
3
Let j = -3 - -7. Suppose -p + 2*p = -40. What is the remainder when (-575)/p + 3/(-8) is divided by j?
2
Suppose -35 = -9*y + 19. Let c(w) = -8*w + 62. What is the remainder when c(y) is divided by 4?
2
Let s(o) = -o**3 - 9*o**2 + 14*o + 93. What is the remainder when s(-11) is divided by 63?
55
Let h = 3 - -22. Suppose v = 4*n + h, 0*v - v - 4*n + 17 = 0. What is the remainder when v is divided by 12?
9
Suppose 0 = 7*n - 794 + 143. What is the remainder when 185 is divided by n?
92
Let v(p) = -p**2 - 9*p + 7. Suppose 0 = 5*h - 0*h. Suppose h = -4*l - 32. What is the remainder when v(l) is divided by 6?
3
Suppose 6*s - 16 - 38 = 0. Let r(u) = 6*u + 7. What is the remainder when 239 is divided by r(s)?
56
Suppose -16 = 4*v - 104. What is the remainder when 147 is divided by v?
15
Let p = -13 - -13. What is the remainder when 61 is divided by -62*(-1)/2 + p?
30
Suppose 2*t + 2*w - 30 = 0, -2*t - 5*w + 39 = -0*w. What is the remainder when t is divided by 4?
0
Let f(a) = -a